ermine s(-28).
12
Let f(l) = -7*l + 19. Determine f(-1).
26
Let s(b) = -3*b**3 - 3*b**2 - 13*b - 25. Determine s(-2).
13
Let c(m) = 10*m + 35. Determine c(2).
55
Let n(g) = g**3 - 5*g**2 - 10*g + 25. Give n(6).
1
Let q(y) = y**2 + 2*y + 2. Give q(-5).
17
Let a(p) = -p**2 - 7*p - 3. Calculate a(-5).
7
Let n(l) = -3*l**2 + 54*l + 44. Give n(19).
-13
Let d(o) = o**3 - 4*o**2 - o - 14. Determine d(5).
6
Let v(i) = i**3 + 5*i**2 + i + 2. Give v(-5).
-3
Let m(n) = n**3 - 6*n**2 + n - 8. Determine m(7).
48
Let q(k) = -2*k + 36. What is q(14)?
8
Let f(k) = -k**2 - 3*k + 27. What is f(-13)?
-103
Let f(q) = -2*q + 28. Calculate f(14).
0
Let j(m) = -m - 2. Calculate j(11).
-13
Let a(s) = s**3 + 13*s**2 + 6*s - 12. Determine a(-12).
60
Let v(n) = -3*n + 11. Calculate v(14).
-31
Let g(u) = -u + 15. Calculate g(-15).
30
Let x(p) = 7*p - 33. What is x(6)?
9
Let y(v) = 9*v - 7. Give y(5).
38
Let p(w) = w**3 - 6*w**2 - w + 2. Calculate p(6).
-4
Let l(v) = -v**2 + 10*v - 14. Determine l(4).
10
Let i(p) = -17*p + 33. Give i(4).
-35
Let h(w) = -w**2 - 24*w - 49. What is h(-22)?
-5
Let c(y) = y**3 - 23*y**2 + 24*y - 43. Give c(22).
1
Let d(s) = -2*s**2 - 18*s - 20. Determine d(-7).
8
Let w(q) = -20*q + 268. Calculate w(12).
28
Let d(u) = -u**3 - 2*u**2 + 6*u - 11. Determine d(-4).
-3
Let u(i) = i**3 - 17*i**2 + 38. Calculate u(17).
38
Let z(m) = 3*m**2 - 5*m - 10. Give z(5).
40
Let v(q) = 2*q**2 + 13*q + 21. What is v(-4)?
1
Let i(d) = d**3 - 10. What is i(3)?
17
Let x(n) = -n**3 + 24*n**2 + 25*n - 5. Calculate x(25).
-5
Let z(u) = -3*u**2 + 2*u + 10. Give z(4).
-30
Let t(f) = -f**3 - f**2 - f - 1. Determine t(0).
-1
Let y(f) = 2*f**3 + 5*f**2 + 3*f - 3. Calculate y(-4).
-63
Let r(o) = o**3 + 9*o**2 + 11*o + 4. Give r(-7).
25
Let c(n) = 2*n**2 + 4*n + 2. Determine c(-2).
2
Let h(n) = -3*n + 19. Calculate h(0).
19
Let m(i) = -i**2 - 12*i - 9. Calculate m(-12).
-9
Let u(q) = -2*q + 8. Calculate u(9).
-10
Let b(g) = g**3 + 4*g**2 - 16*g - 9. What is b(-6)?
15
Let x(u) = -2*u**3 - 11*u**2 - 2*u + 8. Calculate x(-5).
-7
Let k(y) = 17*y - 88. Give k(7).
31
Let c(q) = 3*q - 22. Calculate c(8).
2
Let s(o) = 2*o**2 - 6*o - 6. What is s(8)?
74
Let c(y) = 4*y + 8. Give c(5).
28
Let b(p) = -3*p**2 + 2*p + 60. What is b(0)?
60
Let h(y) = -y**2 - 7*y + 19. Calculate h(2).
1
Let p(o) = 3*o - 9. Determine p(-10).
-39
Let v(s) = s**2 + 2*s - 68. Determine v(7).
-5
Let z(o) = -17*o + 11. Determine z(-5).
96
Let g(d) = -d**3 - 2*d**2 - 7*d - 18. Determine g(-3).
12
Let m(a) = a + 30. Calculate m(15).
45
Let c(g) = -2*g - 16. Calculate c(8).
-32
Let c(q) = q**3 - 8*q**2 - 22*q + 22. Determine c(10).
2
Let m(z) = -z**2 + 2*z + 4. Calculate m(4).
-4
Let h(a) = a - 6. What is h(-2)?
-8
Let x(f) = -f - 6. What is x(-3)?
-3
Let m(q) = q**3 + 8*q**2 - 11*q - 7. Give m(-9).
11
Let l(g) = -6*g + 2. What is l(4)?
-22
Let f(l) = 5*l - 77. Give f(15).
-2
Let t(l) = l**2 + 11*l + 1. What is t(-10)?
-9
Let o(z) = z - 17. Calculate o(20).
3
Let d(b) = -b**3 - 20*b**2 - b - 28. What is d(-20)?
-8
Let m(c) = 50*c + 260. Determine m(-5).
10
Let p(q) = 7*q + 79. What is p(-15)?
-26
Let l(y) = 2*y**2 + 9*y - 2. Give l(-7).
33
Let u(o) = -16*o + 778. Calculate u(49).
-6
Let r(a) = 20*a - 26. Calculate r(3).
34
Let t(d) = 5*d + 13. What is t(-1)?
8
Let c(x) = -x**3 - x**2 + 7*x - 7. Determine c(3).
-22
Let l(i) = -i**3 - 3*i**2 + 2*i + 3. Give l(-4).
11
Let q(b) = -5*b - 13. Calculate q(-5).
12
Let n(s) = -10*s + 72. Give n(12).
-48
Let r(i) = i**3 + 23*i**2 - 16*i + 194. Determine r(-24).
2
Let t(a) = -2*a**3 - 9*a**2 + 15*a + 1. Give t(-6).
19
Let w(z) = 2*z**2 + 7*z + 12. Give w(-2).
6
Let b(z) = -3*z**2 - 21*z + 7. Give b(-7).
7
Let b(k) = -k**2 + 9*k - 9. Calculate b(7).
5
Let w(b) = -2*b**3 + 23*b**2 - 8*b - 27. What is w(11)?
6
Let g(c) = 5*c**2 + 213*c - 85. Calculate g(-43).
1
Let b(z) = 29*z + 136. Determine b(-4).
20
Let q(b) = b**3 - 5*b**2 - 15*b + 33. Determine q(7).
26
Let g(v) = -2*v - 24. Determine g(-11).
-2
Let v(n) = n**3 - 4*n**2 - 1. What is v(4)?
-1
Let x(g) = 10*g**2 + 92*g - 2. What is x(-9)?
-20
Let a(x) = x**2 - 23*x + 22. Give a(22).
0
Let f(c) = -c**3 - 8*c**2 - 4*c + 5. Give f(-8).
37
Let u(l) = -3*l. Give u(-3).
9
Let u(n) = n**2 - 8*n - 5. What is u(9)?
4
Let r(g) = g**3 - 11*g**2 - 5*g + 44. What is r(11)?
-11
Let c(t) = -t**3 + 3*t**2 + 7*t - 20. Determine c(4).
-8
Let t(n) = 14*n - 87. What is t(4)?
-31
Let p(o) = o**3 + 2*o**2 - 3*o - 5. Determine p(3).
31
Let m(w) = 6*w - 2. Calculate m(2).
10
Let h(u) = 5*u + 2. What is h(-3)?
-13
Let i(d) = 3*d**2 - 9*d + 1. Calculate i(4).
13
Let k(z) = -z**3 + 5*z**2 + 10*z + 24. Give k(7).
-4
Let f(g) = -g**3 - 5*g**2 + 11*g - 8. Calculate f(4).
-108
Let x(z) = -z - 28. Give x(-21).
-7
Let x(i) = -i**2 - 9*i - 2. Calculate x(-4).
18
Let t(r) = 2*r**2 - 8*r + 4. Determine t(5).
14
Let d(a) = 41*a + 164. What is d(-4)?
0
Let s(y) = y**3 + 9*y**2 + 13. What is s(-9)?
13
Let r(u) = u + 14. Determine r(-16).
-2
Let c(y) = y - 22. Give c(0).
-22
Let g(a) = -2*a**2 + 12*a - 8. Determine g(8).
-40
Let l(z) = -z**3 - 4*z**2 + 2*z + 3. Determine l(-2).
-9
Let r(k) = 2*k**2 + 19*k - 30. Give r(-11).
3
Let d(v) = v**3 - 8*v**2 - 7*v - 9. What is d(9)?
9
Let h(k) = -8*k**2 - 2*k + 2. Determine h(1).
-8
Let q(l) = -l**2 - 3*l + 5. Give q(-4).
1
Let x(y) = -39*y**3 - 2*y**2 + 2*y - 1. Calculate x(1).
-40
Let l(x) = -x**2 + 10*x + 3. Give l(5).
28
Let r(a) = 7*a + 10. What is r(-6)?
-32
Let d(j) = -3*j + 61. What is d(15)?
16
Let p(y) = 2*y + 40. What is p(0)?
40
Let d(o) = -o**3 - 11*o**2 - 17*o - 17. Calculate d(-8).
-73
Let n(g) = g**2 + g + 1. Give n(-4).
13
Let b(n) = -8*n - 70. Determine b(-8).
-6
Let l(p) = p - 17. Calculate l(12).
-5
Let h(b) = 11*b + 80. Calculate h(-7).
3
Let v(g) = -g**2 + 2*g + 3. Give v(-1).
0
Let v(h) = 2*h**3 - 7*h**2 - 5*h + 23. Determine v(3).
-1
Let v(r) = r**3 - 7*r**2 - 7*r + 2. What is v(8)?
10
Let h(u) = u**3 - 12*u**2 - 14*u + 8. Give h(13).
-5
Let b(m) = 22*m**2 - 25*m - 26. Determine b(-1).
21
Let r(x) = x**3 + 25*x**2 + x + 19. Calculate r(-25).
-6
Let k(m) = -m**3 - 15*m**2 + 33*m - 11. What is k(-17)?
6
Let v(d) = 4*d**2 - 40*d + 17. Calculate v(8).
-47
Let r(b) = 3*b**2 + 2*b + 1. Give r(4).
57
Let m(c) = -c + 3. Calculate m(19).
-16
Let f(n) = -3*n**2 + 61*n + 30. Give f(21).
-12
Let u(s) = 2*s**3 - 7*s**2 - 3*s + 6. Calculate u(3).
-12
Let h(k) = k**2 - 41*k + 183. Give h(36).
3
Let p(g) = g**2 + 38*g - 84. Give p(2).
-4
Let j(v) = 3*v + 7. What is j(-4)?
-5
Let v(j) = -j**2 - 11*j + 15. Give v(-13).
-11
Let j(b) = b**3 + 15*b**2 - 5*b - 17. What is j(-15)?
58
Let p(f) = f**2 - 6*f - 5. What is p(7)?
2
Let c(q) = -q**3 + 18*q**2 + 63*q - 7. Calculate c(21).
-7
Let w(y) = 2*y**2 + 8*y + 3. Determine w(-5).
13
Let r(p) = 4*p**3 + 2*p**2 + p - 2. Determine r(2).
40
Let f(t) = t**3 - 19*t**2 - 41*t - 35. Determine f(21).
-14
Let q(b) = 13*b + 75. Give q(-7).
-16
Let o(k) = 6*k. Calculate o(1).
6
Let r(m) = -m**3 - 5*m**2 + 4*m - 8. Calculate r(-7).
62
Let a(j) = -j**3 - 7*j**2 - 10*j + 8. What is a(-6)?
32
Let m(t) = 18*t - 14. Calculate m(2).
22
Let g(d) = 2*d - 10. Calculate g(7).
4
Let j(s) = -24*s**2 + 27*s + 26. Give j(-1).
-25
Let d(m) = 2*m**2 - 21*m + 3. What is d(11)?
14
Let c(r) = r**2 - 29*r + 20. Determine c(26).
-58
Let v(o) = 2*o**2 - 15*o + 16. Calculate v(6).
-2
Let o(c) = -17*c**3 + c - 1. What is o(1)?
-17
Let k(x) = -x**3 - 9*x**2 + 5*x + 22. Calculate k(-7).
-111
Let m(u) = u**2 + 22*u - 8. What is m(-23)?
15
Let d(z) = 46*z**3 + z**2 + 2*z - 2. What is d(1)?
47
Let u(w) = -4*w**2 + 60*w + 8. Calculate u(15).
8
Let b(t) = t**3 - 14*t**2 + 17*t - 5. What is b(13)?
47
Let v(s) = -2*s + 21. Calculate v(7).
7
Let r(k) = -44*k - 390. Calculate r(-9).
6
Let r(u) = -5*u + 8. What is r(-2)?
18
Let j(v) = -3*v**2 - 25*v - 52. Give j(-5).
-2
Let w(d) = -3*d**2 + 3*d + 3. Determine w(-1).
-3
Let s(b) = b**3 - 4*b**2 + b + 5. Calculate s(3).
-1
Let y(w) = -w**3 - 8*w**2 + 10*w + 9. Give y(-9).
0
Let o(h) = 3*h**3 - 5*h**2 + 7*h - 2. What is o(2)?
16
Let s(y) = -y**2 + 7*y - 8. Determine s(7).
-8
Let d(b) = -30*b - 12. What is d(-2)?
48
Let k(b) = b**2 + 26*b + 51. What is k(-24)?
3
Let f(v) = -v**2 + 8*v + 29. Give f(10).
9
Let l(z) = -4*z + 54. What is l(15)?
-6
Let i(y) = -5*y**2 - 305*y